{"id":150,"date":"2017-06-28T16:23:35","date_gmt":"2017-06-28T13:23:35","guid":{"rendered":"http:\/\/www.tthk.ee\/metall\/?page_id=150"},"modified":"2017-06-29T09:56:36","modified_gmt":"2017-06-29T06:56:36","slug":"lehtmetalli-tootlemistehnoloogia","status":"publish","type":"page","link":"https:\/\/www.tthk.ee\/metall\/lehtmetalli-tootlemistehnoloogia\/","title":{"rendered":"LEHTMETALLI T\u00d6\u00d6TLEMISTEHNOLOOGIA"},"content":{"rendered":"<h2>LEHTMETALLI T\u00d6\u00d6TLEMISTEHNOLOOGIA (metoodiline juhend)<\/h2>\n<h4>Alus: Mehaanika ja metallit\u00f6\u00f6 erialade riiklik \u00f5ppekava<\/h4>\n<h4>Sihtr\u00fchm: mehaanika ja metallit\u00f6\u00f6 eriala \u00f5ppijad<\/h4>\n<h4>\u00d5pieesm\u00e4rgid<\/h4>\n<p>\u00d5petusega taotletakse, et \u00f5ppija omandab teadmised lehtmetalli t\u00f6\u00f6tlemistehnoloogia \u00fcldistest p\u00f5him\u00f5tetest, lehtmetalli t\u00f6\u00f6tlemisseadmetest ja nende h\u00e4\u00e4lestamisest ning hooldamisest, laserl\u00f5ike\u2010, painutus\u2010, stantsimis\u2010 ja giljontiseerimistehnoloogiatest lehtmetalli t\u00f6\u00f6tlemisel, lehtmetallmaterjalide markidest, f\u00fc\u00fcsikalistest ja mehaanilistest omadustest, lehtmetalli tootmisseadmete t\u00f6\u00f6protsesside programmeerimisest, kontrollm\u00f5\u00f5teriistadest ja t\u00f6\u00f6tulemuste kontrollimisest, t\u00f6\u00f6ohutusest lehtmetallit\u00f6\u00f6tlemispinkidel t\u00f6\u00f6tamisel, materjalide ja energia kokkuhoiust, j\u00e4\u00e4tmek\u00e4itlusest.<\/p>\n<h4>\u00d5piv\u00e4ljundid<\/h4>\n<p>Kursuse l\u00e4binud \u00f5ppija teab ja tunneb \uf0b7 lehtmetalli t\u00f6\u00f6tlemistehnoloogia \u00fcldiseid p\u00f5him\u00f5tteid; \uf0b7 lehtmetalli t\u00f6\u00f6tlemisseadmeid, nende h\u00e4\u00e4lestamist ja hooldamist; \uf0b7 laserl\u00f5ike\u2010, painutus\u2010, stantsimis\u2010 ja giljontiseerimistehnoloogiad lehtmetalli t\u00f6\u00f6tlemisel; \uf0b7 lehtmetallmaterjalide marke, f\u00fc\u00fcsikalisi ja mehaanilisi omadusi; \uf0b7 lehtmetalli tootmisseadmete t\u00f6\u00f6protsesside programmeerimist; \uf0b7 kontroll\u2010m\u00f5\u00f5teriistasid ja t\u00f6\u00f6tulemuste kontrollimist; \uf0b7 t\u00f6\u00f6ohutust lehtmetalli t\u00f6\u00f6tlemispinkidel t\u00f6\u00f6tamisel; \uf0b7 materjalide ja energia kokkuhoidu, j\u00e4\u00e4tmek\u00e4itlust. oskab: \uf0b7 t\u00f6\u00f6tada lehtmetalli t\u00f6\u00f6tlemisseadmetel; \uf0b7 reguleerida ja hooldada lehtmetalli t\u00f6\u00f6tlemisseadmeid; \uf0b7 koostada programme; \uf0b7 kontrollida t\u00f6\u00f6tulemusi.<\/p>\n<h4>Teemade ja tundide jaotus<\/h4>\n<p>1. GILJOTINEERIMINE 6 EKAP) Masina ehitus b) Materjali purunemisprotsess, detailis tekkivad deformatsioonid c) T\u00f6\u00f6ohutus giljotineerimisel<\/p>\n<p>2. GILJOTIINI AMADA GSII 630 KASUTAMINE 4 EKAP) T\u00f6\u00f6ts\u00fckli juhtimine b) L\u00f5iketerade pilu ja l\u00f5iketera l\u00f5ikenurga seadistamine<\/p>\n<p>3. PAINUTUSTEHNOLOOGIA 16 EKAP) Painutuspressi ehitus b) Painutamise alused ja liigid c) Painutuspingi k\u00e4sitlemine d) Painutuspingi t\u00f6\u00f6riistad e) T\u00f6ohutus painutamisel<\/p>\n<p>4. PAINUTUSPINGI AMADA HFE 80\/25 KASUTAMINE 16 EKAP) Painutuspingi opereerimine b) Painutuspingi t\u00f6\u00f6riistad<\/p>\n<p>5. STANTSIMISTEHNOLOOGIA 6 EKAP) Revolverstantsi ehitus b) Stantsimise alused c) Stansimist\u00f6\u00f6riistad d) Programeerimine e) AMADA M\/C AC255 juhtimisseadmed ja juhtimine f) AMNC juhts\u00fcsteemi k\u00e4sitlemine g) T\u00f6\u00f6ohutus stantsimisel<\/p>\n<p>6. LEHEKESKUSE AMADA M\/C AC255 KASUTAMINE 12 EKAP) Stantsimispingi k\u00e4sitlemine b) Stantsimist\u00f6\u00f6riistade teritamine terituspingil TOGU EU ja hooldus<\/p>\n<p>7. LASERTEHNOLOOGIA 6 EKAP) Laserpingi ehitus b) Laseri l\u00f5ikeprotsess c) AMADA QUATTRO laseri juhtimisseadmed ja juhtimine d) Laseri p\u00f5hioperatsioonid e) FANUKI juhts\u00fcsteemi k\u00e4sitlemine f) T\u00f6\u00f6ohutus laserpingi kasutamisel<\/p>\n<p>8. LASERPINKI AMADA M\/C QUATTRO 1KW KASUTAMINE 14 EKAP) Laserpingi k\u00e4sitlemine ja laserprotsesside juhtimine b) L\u00f5ikeparameetride m\u00f5ju<\/p>\n<p>KOKKU 80 EKAP<\/p>\n<p><strong>\u00d5ppevorm <\/strong><\/p>\n<p>Kombineeritud e-kursus auditoorsete loengutega ja praktiliste \u00fclesannete tegemisega; e-\u00f5ppes iseseisev t\u00f6\u00f6 \u00f5ppematerjalidega. Tegevused l\u00e4hi\u00f5ppes vastavalt kooli tunniplaanile ja kursuse tegevuskavale. Tegevused e-\u00f5ppes vastavalt kursuse tegevuskavale.<\/p>\n<h4><strong>Hindamine <\/strong><\/h4>\n<p>Kursuse kokkuv\u00f5ttev hinne (eristav hinne) kujuneb j\u00e4rgmiselt: Kohustuslikud \u00fclesanded ja testid:<\/p>\n<p>1. \u00d5ppija teeb v\u00e4hemalt rahuldavale hindele j\u00e4rgmised kohustuslikud \u00fclesanded:<\/p>\n<p>\u00dclesanne 1. L\u00f5iketerade pilu ja l\u00f5iketera l\u00f5ikenurga seadistamine<\/p>\n<p>\u00dclesanne 2. Painutuspingi opereerimine<\/p>\n<p>\u00dclesanne 3. Stantsimist\u00f6\u00f6riista teritamine terituspingil<\/p>\n<p>\u00dclesanne 4. Laserpingil detaili valmistamine<\/p>\n<p>Tagasisidet \u00f5ppijale valmistatud detaili kohta annab \u00f5petaja vahetult p\u00e4rast detaili valmimist. \u00d5petaja sisestab hinde (eristav hinne) ekooli. Kui \u00f5ppija puudub \u00fclesande tegemise p\u00e4eval koolist, siis ta lepib hiljem \u00f5petajaga kokku kuup\u00e4eva ja kellaja osas, millal on v\u00f5imalik \u00fclesannet teha.<\/p>\n<p>2. \u00d5ppija teeb e-\u00f5ppes iga teema kohta etten\u00e4htud testi v\u00e4hemalt rahuldavale hindele (eristav hinne).<\/p>\n<p>Test 1. OHUTUSTEHNIKA<\/p>\n<p>Test 2. GILJOTINEERIMINE<\/p>\n<p>Test 3. PAINUTUSTEHNOLOOGIA<\/p>\n<p>Test 4. STANTSIMISTEHNOLOOGIA<\/p>\n<p>Test 5. LASERTEHNOLOOGIA<\/p>\n<p>3. \u00d5ppija kirjutab kursuse \u201eLehtmetallit\u00f6\u00f6d\u201c kokkuv\u00f5tte, mida hinnatakse mitteeristava hindega (arvestatud\/mittearvestatud). Kursuse kokkuv\u00f5tvast hindest moodustavad \u00fclesanded 75% ja testid 25%.<\/p>\n<p>Hinnatakse lehtmetalli t\u00f6\u00f6tlemistehnoloogia \u00fcldiste p\u00f5him\u00f5tete tundmist; \uf0b7 lehtmetalli t\u00f6\u00f6tlemisseadmete, nende h\u00e4\u00e4lestamise ja hooldamise tundmist; \uf0b7 laserl\u00f5ike\u2010, painutus\u2010, stantsimis\u2010 ja giljontiseerimistehnoloogiate tundmist lehtmetalli t\u00f6\u00f6tlemisel; \uf0b7 lehtmetallmaterjalide markide, f\u00fc\u00fcsikaliste ja mehaaniliste omadusete tundmist; \uf0b7 lehtmetalli tootmisseadmete t\u00f6\u00f6protsesside programmeerimise tundmist; \uf0b7 kontroll\u2010m\u00f5\u00f5teriistade ja t\u00f6\u00f6tulemuste kontrollimise tundmist; \uf0b7 t\u00f6\u00f6ohutuse lehtmetallit\u00f6\u00f6tlemispinkidel t\u00f6\u00f6tamisel tundmist; \uf0b7 materjalide ja energia kokkuhoiu, j\u00e4\u00e4tmek\u00e4itluse tundmist.<\/p>\n<h4>\u00d5ppematerjal<\/h4>\n<ul>\n<li><a href=\"https:\/\/www.innove.ee\/UserFiles\/Kutseharidus\/\u00d5ppe-%20ja%20juhendmaterjalid\/mehaanika%20ja%20metall\/\u00d5ppematerjal_5%20Lehtmetalli%20t\u00f6\u00f6tlemistehnoloogiad_veebi.pdf\">Rein Pikner, Aleksei Saarev\u00e4li &nbsp;LEHTMETALLI T\u00d6\u00d6TLEMISTEHNOLOOGIAD &nbsp;\u00d5ppematerjal kutsekoolidele Tallinn 2014&nbsp;<\/a><\/li>\n<li id=\"yui_3_17_2_1_1498655125673_147\"><a href=\"https:\/\/moodle.hitsa.ee\/course\/view.php?id=3689\" class=\"broken_link\">Lehtmetalli t\u00f6\u00f6tlemistehnoloogia (Vanker)(e-\u00f5ppematerjal Moodle keskkonnas)<\/a><\/li>\n<\/ul>\n<div id=\"page-navbar\" class=\"clearfix\">&nbsp;<\/div>\n","protected":false},"excerpt":{"rendered":"<p>LEHTMETALLI T\u00d6\u00d6TLEMISTEHNOLOOGIA (metoodiline juhend) Alus: Mehaanika ja metallit\u00f6\u00f6 erialade riiklik \u00f5ppekava Sihtr\u00fchm: mehaanika ja metallit\u00f6\u00f6 eriala \u00f5ppijad \u00d5pieesm\u00e4rgid \u00d5petusega taotletakse, et \u00f5ppija omandab teadmised lehtmetalli t\u00f6\u00f6tlemistehnoloogia \u00fcldistest p\u00f5him\u00f5tetest, lehtmetalli t\u00f6\u00f6tlemisseadmetest ja nende h\u00e4\u00e4lestamisest ning hooldamisest, laserl\u00f5ike\u2010, painutus\u2010, stantsimis\u2010 ja giljontiseerimistehnoloogiatest lehtmetalli t\u00f6\u00f6tlemisel, lehtmetallmaterjalide markidest, f\u00fc\u00fcsikalistest ja mehaanilistest omadustest, lehtmetalli tootmisseadmete t\u00f6\u00f6protsesside programmeerimisest, kontrollm\u00f5\u00f5teriistadest ja t\u00f6\u00f6tulemuste &hellip; <\/p>\n<p class=\"link-more\"><a href=\"https:\/\/www.tthk.ee\/metall\/lehtmetalli-tootlemistehnoloogia\/\" class=\"more-link\">Loe edasi<span class=\"screen-reader-text\"> &#8220;LEHTMETALLI T\u00d6\u00d6TLEMISTEHNOLOOGIA&#8221;<\/span><\/a><\/p>\n","protected":false},"author":1,"featured_media":0,"parent":0,"menu_order":0,"comment_status":"closed","ping_status":"closed","template":"","meta":[],"_links":{"self":[{"href":"https:\/\/www.tthk.ee\/metall\/wp-json\/wp\/v2\/pages\/150"}],"collection":[{"href":"https:\/\/www.tthk.ee\/metall\/wp-json\/wp\/v2\/pages"}],"about":[{"href":"https:\/\/www.tthk.ee\/metall\/wp-json\/wp\/v2\/types\/page"}],"author":[{"embeddable":true,"href":"https:\/\/www.tthk.ee\/metall\/wp-json\/wp\/v2\/users\/1"}],"replies":[{"embeddable":true,"href":"https:\/\/www.tthk.ee\/metall\/wp-json\/wp\/v2\/comments?post=150"}],"version-history":[{"count":9,"href":"https:\/\/www.tthk.ee\/metall\/wp-json\/wp\/v2\/pages\/150\/revisions"}],"predecessor-version":[{"id":162,"href":"https:\/\/www.tthk.ee\/metall\/wp-json\/wp\/v2\/pages\/150\/revisions\/162"}],"wp:attachment":[{"href":"https:\/\/www.tthk.ee\/metall\/wp-json\/wp\/v2\/media?parent=150"}],"curies":[{"name":"wp","href":"https:\/\/api.w.org\/{rel}","templated":true}]}}